 + 2. Suppose -7 + 4 = -3*i. What is the remainder when b is divided by g(i)?
21
Suppose -825 - 1440 = -15*w. Calculate the remainder when 9209 is divided by w.
149
Let n = -10 + 17. Suppose 1728 = 378*r - 360*r. Suppose -n*f = -f - r. What is the remainder when 29 is divided by f?
13
Let y(x) = 3*x - 12. Let v be y(5). Let l be -3 + 0 + v + 29. Suppose 2*f = 4*k + 48, 5 = 2*f + 3*k - l. Calculate the remainder when 55 is divided by f.
15
Suppose -3*k + g + 609 = 0, 125*k - 124*k + 3*g = 223. Calculate the remainder when 746 is divided by k.
131
Let d = 69 + -42. Suppose 0 = -4*r + r + d. Let p(i) = i**3 + 7*i**2 - 6*i - 2. What is the remainder when p(-6) is divided by r?
7
Let d = 1256 + -1130. What is the remainder when d is divided by 20?
6
Let c be (-4)/18 + 784/126. Suppose -c*q = 4*q - 220. What is the remainder when 174 is divided by q?
20
Let c(i) = -i**3 - 48*i**2 + 48*i + 7. Calculate the remainder when 1189 is divided by c(-49).
13
Let y(a) = -43*a - 2417. What is the remainder when 3429 is divided by y(-57)?
29
Let w(v) = 6*v + 25. Let a be w(-13). Let b = -53 - a. Suppose o - 3*t = b, -2*t + t = 4*o - 65. What is the remainder when 73 is divided by o?
13
Let k(h) = -h**2 + 9*h + 6. Let a = -364 - -1253. Suppose -p = -5*j + a, -6*j + 2*j + 711 = -p. Calculate the remainder when j is divided by k(7).
18
Let j(f) = 2*f**3 + 15*f**2 - 56*f + 6. Let p = 5 + -4. Let a = 13 + p. What is the remainder when j(3) is divided by a?
13
Let m(y) = 3*y**3 + 79*y**2 + 11*y - 170. What is the remainder when m(-26) is divided by 7?
3
Suppose 0 = -33*u - 2127 + 2149 + 1331. Suppose 5*w = 5*i + 20, -2*i + 3*w - 4 = 6. Let o = 20 + i. Calculate the remainder when u is divided by o.
5
Let s be 24*((-1)/3 - 25/(-30)). Suppose -s = 10*v - 14*v. What is the remainder when ((-178)/v)/(2/(-6)) is divided by 45?
43
Let b = -93 + 189. Suppose n + 3*c = 17, -4*n + c + b = -c. Let u(g) = -4*g + 5. Calculate the remainder when u(-10) is divided by n.
22
Let o = 83 - 68. Suppose -22*g + 95 = -o. Calculate the remainder when 73 is divided by g.
3
Let f(r) be the third derivative of r**4/12 + 13*r**3/3 + 2*r**2. Suppose -65*z + 33*z + 126 = -14*z. Calculate the remainder when f(0) is divided by z.
5
Suppose -4*r = 4*s - 48, 14*s = -2*r + 15*s + 27. Suppose 127 = r*c - 224. Let a = 35 + 13. Calculate the remainder when a is divided by c.
21
Let o = -1333 + 1380. Calculate the remainder when 237 is divided by o.
2
Suppose -81 + 97 = 8*q. What is the remainder when (141/(-9) + -2)*(-5 + q) is divided by 11?
9
Let d(u) = -u**2 - 88*u - 1778. What is the remainder when 4321 is divided by d(-52)?
91
Suppose 28*i = -114*i + 460080. What is the remainder when i is divided by 25?
15
Let u be (-3)/(1/(-38)*-3). Suppose 35*s + 250 = 30*s. Let p = u - s. What is the remainder when 21 is divided by p?
9
What is the remainder when (-1306)/(-2) - ((5 + -4)*3)/(-3) is divided by 326?
2
Let t(m) be the first derivative of m**3 + 7*m**2/2 - 22*m + 3. Let w be t(-7). Suppose -74 = -3*z + w. Calculate the remainder when z is divided by 17.
16
Let f = 35167 - 35111. Calculate the remainder when 1047 is divided by f.
39
Let j be 14/4 - (-5)/10. Suppose -j*h = -372 + 16. Suppose -236*u + 57*u - 1179 + 4401 = 0. What is the remainder when h is divided by u?
17
Let o be 40*((-184)/20 - -6). Let b = o - -197. What is the remainder when b is divided by 27?
15
Let d be 4/(-12)*-3*0/3. Let g be (116/3 + d)*(-2 + 8). Calculate the remainder when (-1*1)/((-4)/g) is divided by 12.
10
Suppose -159 = -4*c + 25. Let r(x) = -103*x + 1121. Let w be r(11). Let a = w + c. What is the remainder when a is divided by 25?
9
Let j = 336 + -183. Suppose -j = -4*v - 29. Suppose -25 = l - 6*l. Calculate the remainder when v is divided by l.
1
Let k(c) = -5*c**2 + 208*c - 36. What is the remainder when 8351 is divided by k(41)?
86
Let x = -6 - -16. What is the remainder when 221 + 12 + -36 - 58 is divided by x?
9
Suppose 2*f - 802*t + 807*t = -108, -3*t - 90 = 0. Let s(b) = b**2 - 1 - 153*b**3 - b**3 - 11*b**3 - b. What is the remainder when s(-1) is divided by f?
19
What is the remainder when -10*84/(-60) + 11219 is divided by 106?
103
Suppose 109*k - 124*k + 5070 = 0. What is the remainder when k is divided by 11?
8
Suppose -s - 8 = -2*s. Let p(b) = b - 2. Let x be p(s). What is the remainder when 99 is divided by (-1339)/(-39) - 2/x?
31
What is the remainder when (-2938007)/(-755) - (14/10 - 2) is divided by 95?
92
Calculate the remainder when ((-25)/(-1) - 1)*((-188)/(-6) + -6) is divided by 284.
40
Let k be ((-275)/(-15))/(2*4/(-312)). Let o = k - -736. Calculate the remainder when 106 is divided by o.
1
Let a(g) = 1 + 0 - 16*g + g**2 - 3. Let d be a(17). What is the remainder when (-2 + 1/4)*(3 - d) is divided by 8?
5
Suppose j - 864 = -23*j. Let d = j + -14. What is the remainder when 40 is divided by d?
18
Let v(o) = -o**2 + o + 3. Let j(u) = 2*u**3 + 60*u**2 + 24*u - 21. Let y(q) = j(q) + 3*v(q). Calculate the remainder when 253 is divided by y(-28).
13
Suppose 0 = 15*v - 63 - 12. Suppose 6*a - 102 = 3*a - 3*f, 3*f = v*a - 202. Calculate the remainder when 454 is divided by a.
36
Let g(o) = o**3 - 8*o**2 + 2*o - 1. Let v(p) = p**2 + 1. Let n(t) = g(t) + 4*v(t). Calculate the remainder when (-3)/(-4) - 1173/460*-15 is divided by n(4).
6
Let r(p) = -130*p**3 + 2*p**2 - 1. Let t = 24336 + -24313. What is the remainder when r(-1) is divided by t?
16
Let r = 618 + -614. Suppose -t + 53 = -r. Calculate the remainder when t is divided by 12.
9
Suppose -6*r = 3*r. Suppose r = 34*s + 648 - 2008. Calculate the remainder when 477 is divided by s.
37
Let g(v) = v**2 + 32*v + 88. Let a be g(-34). Suppose -3*s = 129 - a. Calculate the remainder when 98 is divided by s.
8
Calculate the remainder when 1692 is divided by (96/9)/((-18)/(-27)).
12
Let n(t) = -12*t**2 + 695*t + 174. Let w = 4 + 11. Calculate the remainder when n(58) is divided by w.
11
Let z(w) = w**2 + 62*w - 432. What is the remainder when z(32) is divided by 17?
9
Let p = -2281 + 2309. Calculate the remainder when p is divided by 5.
3
Suppose 0 = 6*l - l - 230. Suppose 3*a - 7*a - 5*r = -51, 3*a = 4*r + l. Let n = -16307 + 16357. Calculate the remainder when n is divided by a.
8
Suppose -8*t + 640 = -0*t. What is the remainder when t is divided by 15 - (-9)/6*2?
8
Suppose -13*h - 2 = -3*w, 5*w - 4*h - 30 = -9. What is the remainder when 76 is divided by w?
1
Let o(r) be the third derivative of r**4/8 + r**3 + 13*r**2. What is the remainder when o(6) is divided by (0 + 7)*1 + 2?
6
Suppose -3*t + 14 = 2, 0 = g - 2*t - 36. Suppose -56 = -10*y + g. What is the remainder when 204 is divided by (-1 - 204)*(-2)/y?
40
Let v = 9332 + -9299. Calculate the remainder when 1715 is divided by v.
32
Let s(v) = -v**2 + 6*v - 25. Let t be s(9). Let d = t + 91. Let i = 63 - d. Calculate the remainder when 165 is divided by i.
21
Suppose 0 = -5*r + 436 + 89. Suppose 0 = 116*d - 121*d + 995. What is the remainder when d is divided by r?
94
Let d(h) = -267*h**2 - 3*h + 3. Let u be d(1). Let y = u + 421. Suppose 12*v - 134 = y. Calculate the remainder when v is divided by 4.
0
Suppose 7228 = 48*g - 1220. What is the remainder when g is divided by 6?
2
Let b(u) = 10*u**2 + u + 3. Let w(v) = v**2. Let q(z) = b(z) - w(z). Let k be 35/15*-1 - (-6)/(-9). What is the remainder when q(k) is divided by 17?
13
Suppose 3*m + 3 = 0, -8*l + 5*m = -3*l - 175. Let f = 21486 + -21418. Calculate the remainder when f is divided by l.
0
Suppose -9479 - 5595 - 3022 = -26*s. What is the remainder when s is divided by 10?
6
Let f be (1125/12)/((-3)/20). What is the remainder when (-6)/21 - f/7 is divided by 23?
20
Let w = -10636 - -10648. Let y = -1 - -1. Suppose y*d - 105 = -3*d + 5*h, d = h + 33. Calculate the remainder when d is divided by w.
6
Suppose -d = -3*b - 89, d - 22 = -7*b + 67. What is the remainder when d is divided by 15?
14
Let j = -28817 - -29760. What is the remainder when j is divided by 154?
19
Suppose 15 = -3*h, 7*h - 19 = 4*j + 2*h. Suppose 4*y + 3*o = 115, 3*o + 2*o - 109 = -4*y. What is the remainder when y is divided by (-178)/j - 22/121?
15
Calculate the remainder when 2108 is divided by 12/5 + (-672)/(-70) + -10.
0
Let a = 156 + -135. Suppose 0 = w + m - a, 3*w -